s - 6. What is the units digit of m(-4)?
4
Let q(y) = 25*y**2 + 6*y - 68. What is the units digit of q(6)?
8
Let z be 6*4/(-16)*(2 - 0). What is the tens digit of 3/(-1) + 352/((-12)/z)?
8
Suppose 22*k + 2349 - 13041 = 0. What is the hundreds digit of k?
4
Let z(c) = -c + 16. Let n be z(7). What is the units digit of (-1 + -1)*n/(-6)?
3
Suppose -5*g + 9 = 3*q, -4*g + 2*q - 5 - 1 = 0. Suppose g = 3*j - 141 - 81. What is the units digit of j?
4
Suppose -3 = -g - 2*g. Let a(u) = u**2 + 5*u - 8. Let b be a(4). Let m = b - g. What is the units digit of m?
7
Suppose -i + 21 = -2*m, -m = -i - 4 + 29. What is the units digit of i?
9
Let i be (30/12)/((-1)/30). Let w = i + 110. What is the units digit of w?
5
Suppose -5*s = -c + 507, -c + 3*s + 508 = -s. What is the units digit of c?
2
Let h = 78 - 46. Suppose 0 = -z - 3*d + h, -2*z - 2*d + 19 = -25. Let s = z + -2. What is the units digit of s?
5
Suppose 0*q - q - 16 = 0. Let s = q - -16. What is the units digit of (-4)/(-8)*8 + s?
4
Suppose -2*j + 2*l = 4*l - 426, 5*l + 607 = 3*j. Let w = j - 124. What is the units digit of w?
5
Let i = -710 + 3683. What is the tens digit of i?
7
Let r(m) = -m**3 - 11*m**2 - 11*m - 1. Let x be r(-10). Suppose 0 = 10*d - x*d - 91. What is the tens digit of d?
9
Suppose 2*m - 7*m = 135. Let l = m + 40. Suppose -s + 3*v - 11 = -3, -2*s = -5*v + l. What is the units digit of s?
1
Let n = -29 - -37. Let k = -18 + n. What is the tens digit of (208/k)/(8/(-20))?
5
What is the thousands digit of ((-10)/(-2))/(-4*(-5)/7860)?
1
Let p(u) = u - 13. Let v be p(11). Let w be (v - 0)*(11 - 13). What is the units digit of ((-1)/w)/((-5)/20)?
1
Let w = 1781 - 1162. What is the tens digit of w?
1
Suppose -15 = -6*m + m, 5*u + 62 = 4*m. What is the tens digit of -4 - 7*u - 2?
6
Suppose 603 = 2*y - b, -5*y + 1705 = -4*b + 196. Suppose -y + 101 = -4*n. What is the tens digit of n?
5
Let r be (-606)/(-24) - (-6)/8. Let m = r + -22. Suppose -m*z - 65 = -209. What is the tens digit of z?
3
Suppose -b - 3*b = 56. Let t be (b/(-6) + -2)*0. Suppose 4*r - 29 - 31 = t. What is the tens digit of r?
1
Let y(z) = -10 - 11*z**3 + 12 + 39*z**3 - z**2 + 3*z**3. What is the units digit of y(1)?
2
Let d = 1129 + 190. What is the units digit of d?
9
Suppose 7964 = -33*x + 37*x. What is the thousands digit of x?
1
Let w be 45/(-10)*2/(-3). Let q be -9*w - (3 + -2). Let o = q - -43. What is the units digit of o?
5
Let l = 4247 + -1987. What is the units digit of l?
0
Let v be (-25)/(-15) - 1/(-3). Let s be 794/(-14) + v/(-7). Let a = -24 - s. What is the tens digit of a?
3
Suppose 3*z - 168 = -5*z. What is the tens digit of z?
2
Suppose -4*a = -4*k - 16, 7*k = 3*a + 2*k - 10. Let f = -213 - -217. Suppose 0 = a*y - 3*r - 86, -y - 50 = -3*y - f*r. What is the units digit of y?
9
Suppose -4*b + 319 = 5*l + 15, -2*l = b - 121. What is the tens digit of l?
6
Let l be (-1)/6 - (-387)/54. Suppose h = d, h = 3*d - l*d. Suppose 0*p - 4*p + 64 = d. What is the tens digit of p?
1
Suppose -449*h - 3256 = -453*h. What is the hundreds digit of h?
8
Let h be (-17)/(-4) + 12/(-48). What is the units digit of h + 32/6*3?
0
Let l(f) = f**3 + 37*f**2 - 25*f - 11. What is the tens digit of l(-37)?
1
Let d be (-15)/(-12) - 3/12. Suppose 6 = t - d. Suppose -5*a = -t - 58. What is the units digit of a?
3
Suppose 2*l - 1433 = -l - 4*k, 0 = 4*l - 4*k - 1892. What is the units digit of l?
5
Let x(d) = 3*d**2 + 9*d + 18. Let q be x(-6). Let z = q - 41. What is the tens digit of z?
3
Let g = -3 + 15. Let b be (-8 + -1)/3 + g. Let i = b - -9. What is the tens digit of i?
1
Suppose 0*g - 25 = g. Suppose -s - 129 = -2*c - c, -c = s - 43. Let f = c + g. What is the units digit of f?
8
Let f = -21 + 3. Let v be 4/f + 18/81. Suppose 26 = b - v*b. What is the units digit of b?
6
Let z(k) = 3*k**3 + 3*k**2 + 4*k - 3. Let b be z(6). Suppose 4*d - b = -5*m - 0*m, 4*m + 12 = 0. What is the tens digit of d?
9
Suppose 0 = -12*y + 1602 - 582. What is the units digit of y?
5
Let l = -3266 - -5812. What is the units digit of l?
6
Let d = -77 + 238. What is the units digit of d?
1
Suppose 3*x + 4*n - 19 = 0, -x + 2*n + 2 + 11 = 0. Let u be 57*(-2 - (-21)/x). Let b = u + -13. What is the units digit of b?
6
Suppose -3180 = 11*o - 61843. What is the tens digit of o?
3
Suppose -3*d = -g + 6, 13 = -d - 3*g + 7*g. Let p be (20/(-4) - -2)/d. Suppose -4*v = -2*f + 44, f + 2*f - 57 = -p*v. What is the units digit of f?
0
Let o(q) = q**3 + 6*q**2 - 5*q + 9. Let n be o(-7). Let b(a) = a**2 + a. Let c be b(n). Let p = c + 8. What is the tens digit of p?
2
Let a = -3471 - -6748. What is the thousands digit of a?
3
Let n = 3227 - 1401. What is the tens digit of n?
2
Suppose 70*u = 71*u - 600. What is the tens digit of u?
0
Suppose -362 = -11*k + 9*k. Let f = 305 - k. What is the tens digit of f?
2
Suppose -j = -4*j - a + 4, 12 = -5*j + 3*a. Suppose g = -j*g + 24. Suppose d + 25 = 6*d, -4*d + g = 4*h. What is the units digit of h?
1
Let z(x) be the third derivative of -7*x**4/8 + x**3/3 + 47*x**2. Suppose -l = 2*s - 4, -2*l + 3*l - 2*s + 8 = 0. What is the units digit of z(l)?
4
Let o(i) = -4 + 4 + 3*i**2 + 2 + i + 2*i. Let b = 56 + -58. What is the units digit of o(b)?
8
Suppose -3*y + 15 = -0*y. What is the tens digit of (y - 119/21) + 425/3?
4
Let r = 78 - -247. What is the units digit of r?
5
Let x(c) = c**3 + 22*c**2 + 47*c + 5. What is the units digit of x(-16)?
9
Let f be 44/55 + 52/10. What is the tens digit of f*17 + 5 + -2?
0
Let z(n) = -248*n - 29. What is the tens digit of z(-3)?
1
Let s = -1588 - -2228. What is the tens digit of s?
4
Let u(q) = -q**2 + 7*q + 10. Let r be u(7). Let p be r/4*(-64)/(-20). What is the units digit of (7*p)/(-4)*-1?
4
Let f(u) = 20*u**2 - 30*u + 97. What is the units digit of f(-16)?
7
What is the hundreds digit of 120510/429 - 2/(-22)?
2
Let m be (6/(0 - 2))/(-1). Suppose 0 = m*n + n. Suppose 3*v - 10 - 2 = n. What is the units digit of v?
4
Suppose 2*z - 8*z = -24. Suppose -z*a - 589 = -3*j + 62, 2*a - 669 = -3*j. What is the hundreds digit of j?
2
Suppose -13*c + 5914 - 1741 = 0. What is the tens digit of c?
2
What is the hundreds digit of 935 - ((7 - 3) + 2)?
9
Let u(z) = 2002*z - 31. What is the thousands digit of u(1)?
1
Let o(x) = 202 + 6*x - x - 202. Let l be o(1). Suppose l*z + 7 = 3*c, -2*z - z + 15 = 3*c. What is the units digit of z?
1
Suppose 22 = 2*f + 4*l, 2*f + f - 21 = -3*l. What is the units digit of (3 + f)*(-3)/(-2)?
9
Let g(k) = -8 + 4*k + k**2 - 2 + 1 + 0. Let i(p) = -p + 3. Let t be i(-4). What is the tens digit of g(t)?
6
Suppose 1253*l - 1243*l - 33620 = 0. What is the thousands digit of l?
3
Let y be ((-4)/(-6))/(6/45). Let j(f) = 0 - y + 38*f - 47*f. What is the tens digit of j(-4)?
3
Suppose -4*v + 2982 = 2*p, -2*p - 743 = 4*v - 5*v. What is the units digit of v?
5
Let p = -12 - 41. Let l = p - -101. What is the tens digit of l?
4
Suppose 2*p + 3*h - 172 = 7*h, 5*p = -h + 408. Let b be ((-1)/(-1))/(2/p). Suppose 4*m = 71 + b. What is the units digit of m?
8
What is the tens digit of (-33 + 34)/((-1)/(-4223))?
2
Let r = -82 - -144. Let i = -30 + r. Suppose -s = -2*b + 108, 3*s = b - 96 + i. What is the units digit of b?
2
What is the thousands digit of (-2)/9 + (-15)/((-1620)/129192)?
1
Let g(u) = 1036*u**2 + 22*u + 1. What is the units digit of g(-2)?
1
Suppose -x + 5*j = 18, -2*j = 2*x - 3*x - 9. Let m be x/(-15) - (-27)/15. What is the tens digit of m/(-10) + (-663)/(-15)?
4
Let z = -27 + 29. Suppose 0 = -r - 3*h + 13, -z*r + 1 = -3*h - 7. What is the units digit of r?
7
Let p = 5672 - 2273. What is the units digit of p?
9
Let o = 4 + 0. Suppose -o*a - 2*a + 216 = 0. What is the units digit of a?
6
Suppose -g + 4*x + 511 = 0, 678 - 3348 = -5*g - 3*x. What is the tens digit of g?
3
Suppose -o - 9*o = -5*o. What is the units digit of 55 + -4 - (3 + o)?
8
Let p be 0 - (-2 + (-2)/1). Let h be (0 - -16)/p + 66. Let j = -41 + h. What is the units digit of j?
9
Suppose -2*s + 278 = -188. What is the hundreds digit of s?
2
Let f be 91/(-39) + (-4)/6. Let z(u) = 8*u**2 + 3*u + 6. What is the tens digit of z(f)?
6
Suppose 0 = g - 54*g + 3392. What is the units digit of g?
4
Suppose 3*h + j - 4*j - 24 = 0, -2*h + 4 = j. Suppose v = 2*v - h*f - 49, -4*v = -5*f - 240. What is the tens digit of v?
6
Wha